vided by k(3)?
13
Let v = 2525 - 915. Calculate the remainder when v is divided by 445.
275
Let j = 230 - -25. Suppose -5*z + 154 = 3*p, -2*z + 133*p - 129*p + 72 = 0. What is the remainder when j is divided by z?
31
Let q(v) = v**2 + v. Let k(g) = 175*g**2 - 18*g - 8*g - 359*g**2 + 143*g**2 - 2*g**3 - 13 + 5*g. Calculate the remainder when q(-4) is divided by k(-20).
5
Suppose 7*h - 28 = -4*r + 3*h, -2*h - 2 = 0. Let g(m) = -m**2 + 18*m - 40. What is the remainder when g(r) is divided by 16?
8
Suppose 17*n + 4 = 15*n, n + 528 = p. Calculate the remainder when 1054 is divided by p.
2
Let p be (-7 - -11) + 7 + -7. Suppose p*z + 25 = 405. Calculate the remainder when 188 is divided by z.
93
Let o(k) = 2992*k + 12114. Suppose -3*b = 2*b - 195. What is the remainder when o(-4) is divided by b?
29
Let z(w) = 55*w + 1481. Calculate the remainder when z(-24) is divided by 19.
9
Let q = 28751 - 26925. What is the remainder when q is divided by 16?
2
Let u(h) = -h**3 + 32*h**2 - 62*h + 77. Calculate the remainder when 232 is divided by u(30).
11
Suppose 2*y + 2*t = 0, 4*t + 8 = 4*y - 32. Suppose 0 = -y*x - 1005 + 1215. What is the remainder when 121 is divided by x?
37
Let h = -677 + -167. Let o = h - -871. What is the remainder when 647 is divided by o?
26
Suppose -b + 2*i + 4 = 0, -7*b = -2*b - 3*i + 8. Let u = -129 + 479. What is the remainder when u is divided by ((-120)/45)/(b/66)?
42
Let q(u) = -14 - 3*u - 33 + 12*u + 70. What is the remainder when q(16) is divided by 12?
11
Let s = -210 + -23. Let p = s + 414. Calculate the remainder when p is divided by 29.
7
Let b = 1 + -1. Suppose -2*o = 2*a - 114, -o - 29 + 31 = 0. Suppose y - h - a = b, 5*h + 219 - 2 = 4*y. Calculate the remainder when y is divided by 20.
18
Suppose 0 = -2*x + 2*i + i + 13, -2*x = -2*i - 18. Let v be (-53 - -5)*(-2)/(-4). Calculate the remainder when x is divided by (-1 + -4)*v/20.
2
Let y(t) = -46*t**3 + t**2 - 1. Let h = 45871 + -45599. What is the remainder when h is divided by y(-1)?
42
Let n be 9460/30 + 2/(-6). Suppose 7 - n = 2*x. Let m = -31 - x. What is the remainder when m is divided by 32?
27
Let a(c) = c**2 + 3*c + 5. Let w be a(0). Suppose 0 = 2*h - 2*u - 106, -6*h + h + 225 = 3*u. What is the remainder when 39 is divided by w/((-4)/h*-3)?
19
Let r(l) = -l**3 - 5*l**2 + 5*l - 5. Suppose -q = -7*p + 2*p + 38, 4*q - 32 = -3*p. What is the remainder when ((-6)/p)/((-5)/(-80)*-12) is divided by r(-6)?
0
Suppose -6 = 3*a - 3*z - 0*z, 0 = -5*z + 20. Suppose -18 = -5*u + 57. Let x = u - a. Calculate the remainder when 129 is divided by x.
12
Let o(t) = 313*t + 8275. What is the remainder when 368 is divided by o(-26)?
94
Suppose 38*v = 18*v + 1360. What is the remainder when 2173 is divided by v?
65
Let t(g) = -9*g**2 - 266*g - 80. Calculate the remainder when 168 is divided by t(-29).
38
Suppose -3*g = 3*u - 744, -5*u - 2*g + 1249 = -6*g. Calculate the remainder when u is divided by (-90)/(-360) - 495/(-20).
24
Suppose 10*c + 13936 = 14186. Calculate the remainder when 356 is divided by c.
6
Let w(t) = t**3 + 37*t**2 - 331*t - 208. What is the remainder when w(-44) is divided by 800?
4
Suppose 9*j = 2*w + 6*j - 9, 5*j = 3*w - 14. Suppose -w*q + t = -0*q - 331, 2*t = -3*q + 319. Calculate the remainder when q is divided by 37.
35
Let j(o) = o**3 - 5*o**2 + 4*o + 7. Suppose 283*f + 60*f - 22*f - 18297 = 0. What is the remainder when f is divided by j(5)?
3
Let m = 3399 - 3267. Calculate the remainder when 537 is divided by m.
9
Let w be (64 - -9)/((-2)/6*-3). Let y = w - 46. Let a(z) = -z**2 + 9*z - 3. What is the remainder when y is divided by a(7)?
5
Suppose 0 = -4*i - 29*k + 28*k + 299, -5*i + 377 = -2*k. Suppose -h = -s + 17, 0 = 5*s - 9*s - 3*h + i. Calculate the remainder when 52 is divided by s.
16
Suppose j + 89 = 3*c, -126*j = 4*c - 121*j - 106. What is the remainder when 38 is divided by c?
9
Let o(i) = 4*i**2 + 37*i - 13. Let v = -1 - 48. Let s = 71 + v. What is the remainder when o(-11) is divided by s?
20
Suppose o = 173 - 159. Suppose 61 = -o*b + 229. Let m = -3 - -6. What is the remainder when b is divided by m?
0
Suppose -273*y = -239*y - 263228. Calculate the remainder when y is divided by 16.
14
Let c = 4144 + -4141. What is the remainder when 23 is divided by c?
2
Suppose 22*d = 336 + 236. Let y(z) = 3*z**3 - z**2 - 3*z - 1. Let x be y(-2). Let j = x + d. What is the remainder when 10 is divided by j?
1
Let h(p) = -18*p - 5*p**3 + 21*p**2 - 44*p + 40*p + p**2 + 4*p**3 + 37. Suppose -m + 3*m - 88 = 0. What is the remainder when m is divided by h(21)?
12
Suppose 77 = 156*s - 152*s - 123. Calculate the remainder when 90 is divided by s.
40
Suppose 9349 + 4383 = 15*r - 1343. What is the remainder when r is divided by 216?
141
Suppose 0*v + 14 = 2*v + 6*m, 0 = -5*v - m + 7. What is the remainder when 33 is divided by v/2 - 874/(-92)?
3
Let z = 58 - 60. Let k be (-5)/(3 - z) - -2. Calculate the remainder when k/(1/16*(-2)/(-3)) is divided by 7.
3
Let y(s) = -10*s**2 + 4*s + 11. Let g(w) = -w**2 + w + 2. Let q(h) = 3*g(h) - y(h). Calculate the remainder when 147 is divided by q(-2).
22
Suppose 44*h - 2023 = 45. Calculate the remainder when 2584 is divided by h.
46
Suppose 37720 = 154*s - 187*s + 115534. Calculate the remainder when s is divided by 11.
4
Let z = -226 - -231. Suppose 2*n - 130 = v + 3*v, z*n - 3*v = 318. Calculate the remainder when n is divided by 25.
13
Suppose -11*j = -10*j - 432. Let f = 838 - j. Suppose 2*d - f = -3*d + p, -p - 244 = -3*d. Calculate the remainder when d is divided by 17.
13
Suppose 22*f - 19*f - 415 = 5*q, -3*q = -f + 133. What is the remainder when f is divided by ((-30)/1)/(-3 + 2)?
25
Suppose -450 = -34*q - 76. What is the remainder when 1854 is divided by q?
6
Let w(v) = 361*v + 4414. Calculate the remainder when w(-9) is divided by 150.
115
Suppose -2*a + 2*x + 80 = 0, -2*a + 176 = 3*a + 3*x. What is the remainder when 588/(-60) + 11 - (-909)/5 is divided by a?
35
Let f = -118 - -128. Suppose 3*i - 4*m = 44, 13*m + f = i + 14*m. Calculate the remainder when 102 is divided by i.
6
Suppose 0 = -d - m + 18, 5*d - 20 - 78 = -3*m. Suppose i = -5*b + 50, -3*i + d = 3*b - 8. What is the remainder when 43 is divided by b?
3
Let a be (0 - -7) + -1 - (-4 - -2). Let t(w) = w**2 - 15*w + 75. Calculate the remainder when 61 is divided by t(a).
4
Let m(t) = 171*t + 3784. Let w = 8 - 4. What is the remainder when m(-22) is divided by w?
2
Let y(i) = 12*i**3 - 4*i**2 - 3*i - 4. Let b be y(3). Suppose 4*j - 2*n = 360, 0*j + n = -3*j + b. What is the remainder when j is divided by 686/22 - 10/55?
29
Let f be 0 - 20/4*-1. Suppose 8 = -f*r + 68. Suppose 0 = 3*c + 2*x - 131, 4*c + 45 - 253 = 4*x. Calculate the remainder when c is divided by r.
11
Let x(a) = a**3 + 1. Let z(u) = -2*u**3 + 12*u**2 - 23*u + 26. Let d(j) = -3*x(j) - z(j). Calculate the remainder when d(-14) is divided by 15.
11
Let s = -294 - -140. Suppose 2*w + 10 = 4*w. What is the remainder when (26/91)/((-2)/s) is divided by w?
2
Suppose 3*r - 30 - 249 = 0. What is the remainder when 1688 is divided by r?
14
Suppose 0 = b - 5*c + 28, 5*b - 2*c - 3 + 97 = 0. Let p(o) = -2*o + 57. Calculate the remainder when p(b) is divided by 37.
19
Let c be (-5 - (-78)/1) + 5. Suppose c = m - 5*u + 9, 2*u = -8. What is the remainder when m is divided by 10?
9
Let n(c) = -3*c**2 + 7*c + 1. Suppose l - 9 = -2*l. Let s be n(l). Let a(b) = b**2 - b + 8. What is the remainder when a(s) is divided by 5?
3
Calculate the remainder when 1179 is divided by 4 + 16 - 24 - 63/(-1).
58
Let f = 91 + -93. Let r be 3 - 6 - (-10)/f. Calculate the remainder when 45 is divided by 4 + 4/(-2)*(-14 - r).
13
Let n be (-4)/(-2)*5/2. Suppose -22480 + 4986 = -390*d + 39836. Suppose -4*l + 2*t = -l - d, -138 = -3*l + n*t. What is the remainder when l is divided by 26?
25
Suppose 16*p = 18*p - 78. Let d = 100 - p. What is the remainder when 238 is divided by d?
55
Let v = -21972 - -22319. Calculate the remainder when 497 is divided by v.
150
Let i = 160 - 95. Let x = 102 - i. Suppose -x*r = -41*r + 16. What is the remainder when 14 is divided by r?
2
Let n = -3371 - -3386. Let f be ((-4)/8)/(1/(-6)). Suppose d + 20 = f*d. What is the remainder when n is divided by d?
5
Suppose 60 - 177 = -3*r. Calculate the r